vide k?
True
Suppose 0 = -4*s + 16, -10 - 19 = -5*p - s. Suppose 12 = p*n - 8. Does 7 divide (-391)/(-7) - n/(-28)?
True
Suppose 23*f - 17486 = 57655. Is 10 a factor of f?
False
Suppose 4*i - 16 = 28. Let b = 7 - i. Is 7 a factor of (-6)/b*8/1?
False
Let m(y) = 2*y**2 + 10*y - 9. Let z be m(-9). Let q be (z/(-27))/((-2)/18). Let n = 32 - q. Is n a multiple of 2?
False
Let y(a) = a**2 - 176*a - 4343. Is 11 a factor of y(-171)?
False
Let u be 4 - (130 - 4)/6. Let y(v) = v**2 + 19*v + 41. Is 2 a factor of y(u)?
False
Let a(k) be the second derivative of k**4/6 - 13*k**3/3 - 7*k**2 - 9*k - 2. Does 20 divide a(19)?
False
Let x(a) = a**3 + 10*a**2 + 3*a + 34. Let o be x(-10). Suppose 0 = -5*y - 0*y + 3*h + 859, 2*y + o*h - 328 = 0. Does 21 divide y?
False
Suppose 24 = -4*r - 12. Let j(g) = -12*g + 24. Is j(r) a multiple of 33?
True
Let t = -2865 + 5585. Is t a multiple of 40?
True
Let c be 2/(-12) + (6 - 22/12). Suppose 0 = -4*n - c*j + 6*j + 10, -4*j - 20 = -n. Is 221 + (-7 - -12) - (2 - n) a multiple of 14?
True
Suppose 2*g - 28072 = 2*a, 12503 - 54605 = -3*g - 3*a. Does 102 divide g?
False
Let j be (12/9)/(12/18). Suppose 0 = -5*z + 3*m - j, 4*z - 7*z = -4*m + 10. Suppose -3*q = -2*c - z, -c + 2*q = -2 + 5. Is 4 a factor of c?
False
Let k(i) be the third derivative of i**5/30 + i**3/6 - 6*i**2 + 3. Let w(x) = -x**3 - 11*x**2 + 13*x + 10. Let l be w(-12). Is k(l) a multiple of 3?
True
Suppose 3*y + 24 = -3*q + 6*q, -2*q = -4*y - 28. Let c(z) = -3*z - 3. Is c(y) a multiple of 5?
True
Let g(b) = 13 - 4*b**2 - 13 - b**3. Let j be g(-4). Suppose -5*k + j*s - s + 651 = 0, k + 4*s = 115. Is 17 a factor of k?
False
Suppose 0*t + 3*p + 1236 = 3*t, 5*t + p - 2072 = 0. Suppose 13*z - 15 = t. Does 5 divide z?
False
Let j(a) = a**3 + 15*a**2 - 12*a + 68. Let r be j(-16). Suppose o - 4*y = 412, 42*o - 38*o - r*y - 1660 = 0. Is 16 a factor of o?
True
Let f(c) = -210*c - 2270. Is f(-38) a multiple of 15?
False
Suppose -2*u + 432 = 2*z, 47*z + 3*u + 1040 = 52*z. Is z a multiple of 20?
False
Suppose -28*q + 4 = -26*q. Let u be -12*16/24*q/(-4). Does 23 divide u/(-4)*-4 + 84?
False
Let z(g) = g**2 + 3*g - 3. Let y(p) = p**3 + 26*p**2 + 70*p + 11. Let q be y(-23). Is 22 a factor of z(q)?
False
Suppose 0 = 9*k - 23 - 31. Suppose -4*l = 5*p + 1, p + 27 = -3*l + k*p. Is 19 a factor of 190*(44/36 + l/18)?
True
Let k = 58 - 10. Let m = 24 - k. Let y = 37 + m. Is y a multiple of 3?
False
Suppose 2*n - 784 + 132 = 0. Suppose n = 7*d - 52. Suppose -5*v = -d - 536. Does 11 divide v?
False
Let b(d) = 24*d + 32. Suppose -y + 55 = 4*w, -2*w + y + 2*y = -17. Is b(w) a multiple of 43?
True
Let s be (-1 - 0)/(9/(-27)). Suppose -s*g = -236 - 700. Is 24 a factor of g?
True
Let j(a) = -a**2 + 6*a + 6. Let p be j(5). Let m(q) = 4 + p + 16*q - 17. Does 26 divide m(5)?
True
Let x = -5264 + 6056. Is 6 a factor of x?
True
Let w(x) = 0 - 126*x**2 + 4 + 459*x**2 + x. Does 33 divide w(1)?
False
Let s = -134 + 139. Suppose s*i = -5*o - 15, 2*i - 4*i + 15 = -5*o. Is 39 a factor of (338/o)/((-24)/9 + 2)?
False
Suppose -4*a - 2*l = -18936, 4*a + l = -2*l + 18932. Is a a multiple of 19?
False
Let o = 122 - 122. Suppose -261 = -f - n - 28, o = -4*f + 5*n + 977. Is f a multiple of 14?
True
Let n(j) = 13*j + 41 - 34 + 39. Is 8 a factor of n(18)?
True
Let i = 58700 + -39057. Is i a multiple of 23?
False
Suppose 0 = -4*u + 5*s + 33029, 39*s - 43*s + 8252 = u. Is u a multiple of 86?
True
Let v be 2*-1*909/(-18). Suppose -3*n - v = -5*w + 523, -w + 117 = 2*n. Is w a multiple of 15?
False
Let p = -689 - -463. Let a = p + 502. Does 4 divide a?
True
Let i be (-28)/(-42) + (-1)/(-3). Let h(d) be the second derivative of 29*d**5/4 - d**4/12 - d**3/6 - 3*d. Is 10 a factor of h(i)?
False
Suppose 663*i - 666*i = -5*y - 9026, -4*i = -y - 12063. Does 8 divide i?
False
Let m = 43 - 38. Suppose 5*h - u = 2*u - 29, 31 = -m*h + 2*u. Let d = h - -22. Is d a multiple of 3?
True
Let u(q) = 3*q**3 + q**2 - 9*q - 12. Let t(f) = f**3 - 3*f - 4. Let i(w) = -8*t(w) + 3*u(w). Let o be (-2 - (-20)/8)*6. Does 12 divide i(o)?
False
Suppose -3*f - 6152 = -5*s - 2252, 5*s + 4*f - 3935 = 0. Let r = s - 342. Is r a multiple of 21?
True
Suppose 10 + 23 = 3*o. Let l(x) = -7*x**2 + 5*x + 29. Let u(h) = -6*h**2 + 5*h + 28. Let b(y) = 5*l(y) - 6*u(y). Is 24 a factor of b(o)?
False
Let n(o) = 14*o**2 - 60*o - 84. Is n(27) a multiple of 30?
False
Suppose 2*k = 118 - 404. Let n be (2 + -3)*59*5. Let h = k - n. Is 19 a factor of h?
True
Let t(z) = 174*z**2 - 489*z + 91. Does 106 divide t(15)?
True
Suppose 123*z = -119775 + 462699. Does 198 divide z?
False
Suppose -1528*b + 212268 = -1471*b. Is b a multiple of 19?
True
Let s = -226 - -229. Suppose 5*z + 17 = 6*z - h, 2*h - 61 = -s*z. Does 8 divide z?
False
Suppose 0*a + 4 = -3*a + 5*b, 3*a - 8 = -b. Suppose 0*g - 6 = -g + 2*i, -3*g + 18 = a*i. Is g/8*(-9 - -61) a multiple of 16?
False
Let d(z) = -z**2 + 18*z - 14. Let t be d(10). Let x = -72 + t. Is 5 a factor of x/((-120)/1588) + 6/10?
True
Suppose -3*a - w + 11 = 0, -2 = 2*a + 2*w - 4. Suppose -a*y + 4*f = 5*f - 1189, f + 953 = 4*y. Let l = y - 109. Is l a multiple of 43?
True
Let t = 493 + -487. Does 40 divide t/45 - (80368/(-30))/8?
False
Let o be 1/4*-10*-2. Let s(v) = -v**3 + 4*v**2 + 4*v + 7. Let j be s(o). Suppose 124 = j*b + 48. Is 16 a factor of b?
False
Suppose 2*u - 4*n - 466 - 10344 = 0, -21645 = -4*u + 3*n. Is 8 a factor of u?
False
Suppose -41775 = -2*d - u, -10*u = 182*d - 180*d - 41802. Does 120 divide d?
False
Suppose -4*b - 1333 = 311. Does 24 divide (b/(-2))/((-19)/(-38))?
False
Let n be -3 - 7/((-7)/(-39)). Let c = -40 - n. Suppose 0*f - 125 = -5*q + c*f, q = 2*f + 17. Does 2 divide q?
False
Let x(a) be the third derivative of -a**5/60 - 7*a**4/24 - 3*a**3/2 + 34*a**2. Let k be x(-3). Does 15 divide -4 - -1 - (-119 + -2) - k?
False
Let r(y) = 12*y + 92. Let p be r(-7). Let q(c) = c**3 + c**2 + 2*c. Is q(p) a multiple of 74?
True
Suppose 0*n - 34434 + 7834 = -2*n. Does 133 divide n?
True
Let w(i) be the first derivative of 2*i**3/3 + 10*i**2 - 22*i - 270. Is 32 a factor of w(-15)?
True
Let f(b) = b**3 + 10*b**2 - 112*b - 57. Does 23 divide f(17)?
True
Suppose 4*i - 474348 = -24*i + 504364. Does 6 divide i?
False
Let h(x) = 833*x - 2627. Is 4 a factor of h(9)?
False
Let c be (32/(-6) - -4)/(3/(-1071)). Suppose -77*i - c = -81*i. Is i a multiple of 7?
True
Let o(g) = -g**3 - 5*g - 4. Let b be o(0). Does 69 divide 3 + b - 1 - (-1 - 211)?
False
Let n be (-24)/((-1)/3*7/35). Suppose 0 = -x + 4*x - n. Is 15 a factor of x?
True
Let k be (0 + 0)/(1/1)*1. Suppose 164 = 6*v - 2*v. Suppose k = 14*h - 153 + v. Is 3 a factor of h?
False
Suppose -3*d + 3*h = 27, 5*d = h - 16 - 45. Let w(m) = -2*m - 12. Let t be w(d). Let l = t - -161. Is 21 a factor of l?
False
Let x(v) = -27*v + 27. Suppose 14*w + 4 = 10*w. Is 54 a factor of x(w)?
True
Let c(o) = -o**3 - 5*o**2 - 4*o + 3. Let s be c(-4). Suppose -5*j + 696 = s*j. Is 15 a factor of j?
False
Let f(o) be the first derivative of -5*o**2/2 + 50*o + 6. Let a be f(23). Does 6 divide (-2740)/a + (-2)/13?
True
Let t = 37 + -37. Suppose t = -11*q + 3042 + 698. Is q a multiple of 13?
False
Let u be (-2 - 35793/(-12)) + (-7)/(-28). Suppose 157 = -w - u. Is 14 a factor of -1 + 14/18 - w/27?
False
Is 17 a factor of 5381*(-980)/(-588)*6/10?
False
Suppose 46*r + 2640 = 61*r. Suppose -8*l + r = -64. Is l a multiple of 3?
True
Let n = 32606 - 12026. Is n a multiple of 105?
True
Suppose 2*l = -2*g + 13472 - 1474, 0 = 4*l - 20. Is g a multiple of 30?
False
Suppose -58*t - 4*b - 4794 = -60*t, 2*b = -4*t + 9598. Is 45 a factor of t?
False
Let v = 6274 + -4360. Does 11 divide v?
True
Suppose -3*d + 1435 = 3*t - 1061, 8 = 2*t. Suppose -2*o - 3*s = -0*s - d, 5*s + 2070 = 5*o. Is 46 a factor of o?
True
Suppose -9*w + 802 + 935 = 0. Let t = 165 + w. Is t a multiple of 34?
False
Let o(a) = 63*a**3 - 2*a**2 + 67*a - 582. Does 42 divide o(6)?
True
Suppose 0*q + 32 = 5*q - 4*s, q = 4*s + 16. Let x(y) = -q*y - 3*y + 6*y + 24 - 4*y. Is x(-18) a multiple of 15?
False
Let x(b) = 23*b**2 - 12*b**2 - 26 + 17*b - 9*b**2. Suppose -2*k - 2*k = -4*g + 52, -3*g - 31 = 2*k. Is x(k) a multiple of 32?
True
Let a be 9 + (-75)/10 - (-4002)/4. Suppose 10*r = -a + 7442. Is r a multiple of 23?
True
Let g = 12 + 2. Suppose -5*k = 